{"id":914,"date":"2026-04-12T10:52:00","date_gmt":"2026-04-12T10:52:00","guid":{"rendered":"https:\/\/rifftone-management.de\/?page_id=914"},"modified":"2026-04-12T11:16:24","modified_gmt":"2026-04-12T11:16:24","slug":"impressum","status":"publish","type":"page","link":"https:\/\/rifftone-management.de\/?page_id=914","title":{"rendered":"Impressum"},"content":{"rendered":"\n<h1 class=\"wp-block-heading has-white-color has-text-color has-link-color wp-elements-6eb18023ac7a67e5185189c070582514\">Impressum<\/h1>\n\n\n\n<h2 class=\"wp-block-heading has-white-color has-text-color has-link-color wp-elements-b9c26fa5be848a142068fc8d0073d7dc\" id=\"m46\">Diensteanbieter<\/h2>\n\n\n\n<p class=\"has-white-color has-text-color has-link-color wp-elements-d2085983bf989e97fd3c91743b61b5de\">Rifftone Management (Teil der Noley Thunder Sausage GbR)<br>Herr Jan ter Horst<br>Alte Salzstra\u00dfe 69<br>59069 Hamm<br>Deutschland<\/p>\n\n\n\n<h2 class=\"wp-block-heading has-white-color has-text-color has-link-color wp-elements-84592effe4d8654487ed6bf94c8bec85\" id=\"m56\">Kontaktm\u00f6glichkeiten<\/h2>\n\n\n\n<p class=\"has-white-color has-text-color has-link-color wp-elements-467c929455e7a07d52b1c7c4ed40f24d\">E-Mail-Adresse: contact@rifftone-management.de<\/p>\n\n\n\n<p><span style=\"color: #ffffff;\" class=\"stk-highlight\">Kontaktformular:<\/span> <a href=\"https:\/\/rifftone-management.de\/?page_id=619\" target=\"_blank\" rel=\"noreferrer noopener\">https:\/\/rifftone-management.de\/?page_id=619<\/a><\/p>\n\n\n\n<h2 class=\"wp-block-heading has-white-color has-text-color has-link-color wp-elements-c5a51745d7abb90fb0630ba9e83ddd34\" id=\"m65\">Haftungs- und Schutzrechtshinweise<\/h2>\n\n\n\n<p class=\"has-white-color has-text-color has-link-color wp-elements-1e3a54b2dc4fbf77de7105785e51ae24\">Links auf fremde Webseiten: Die Inhalte fremder Webseiten, auf die wir direkt oder indirekt verweisen, liegen au\u00dferhalb unseres Verantwortungsbereiches und wir machen sie uns nicht zu Eigen. F\u00fcr alle Inhalte und Nachteile, die aus der Nutzung der in den verlinkten Webseiten aufrufbaren Informationen entstehen, \u00fcbernehmen wir keine Verantwortung.<\/p>\n\n\n\n<p class=\"has-white-color has-text-color has-link-color wp-elements-8cc4fb7cd38867fe93eba8bcf828b8d1\">Urheberrechte und Markenrechte: Alle auf dieser Website dargestellten Inhalte, wie Texte, Fotografien, Grafiken, Marken und Warenzeichen sind durch die jeweiligen Schutzrechte (Urheberrechte, Markenrechte) gesch\u00fctzt. Die Verwendung, Vervielf\u00e4ltigung usw. unterliegen unseren Rechten oder den Rechten der jeweiligen Urheber bzw. Rechteinhaber.<\/p>\n\n\n\n<p class=\"has-white-color has-text-color has-link-color wp-elements-3971555668abd0fb42d707b3826f148f\">Hinweise auf Rechtsverst\u00f6\u00dfe: Sollten Sie innerhalb unseres Internetauftritts Rechtsverst\u00f6\u00dfe bemerken, bitten wir Sie uns auf diese hinzuweisen. Wir werden rechtswidrige Inhalte und Links nach Kenntnisnahme unverz\u00fcglich entfernen.<\/p>\n\n\n\n<p><a href=\"https:\/\/datenschutz-generator.de\/\" target=\"_blank\" rel=\"noreferrer noopener\">Erstellt mit kostenlosem Datenschutz-Generator.de von Dr. Thomas Schwenke<\/a><\/p>\n\n\n\n<p><\/p>\n","protected":false},"excerpt":{"rendered":"<p>Impressum Diensteanbieter Rifftone Management (Teil der Noley Thunder Sausage GbR)Herr Jan ter HorstAlte Salzstra\u00dfe 6959069 HammDeutschland Kontaktm\u00f6glichkeiten E-Mail-Adresse: contact@rifftone-management.de Kontaktformular: https:\/\/rifftone-management.de\/?page_id=619 Haftungs- und Schutzrechtshinweise Links auf fremde Webseiten: Die Inhalte fremder Webseiten, auf die wir direkt oder indirekt verweisen, liegen au\u00dferhalb unseres Verantwortungsbereiches und wir machen sie uns nicht zu Eigen. F\u00fcr alle Inhalte und [&hellip;]<\/p>\n","protected":false},"author":1,"featured_media":0,"parent":0,"menu_order":0,"comment_status":"closed","ping_status":"closed","template":"","meta":{"footnotes":""},"class_list":["post-914","page","type-page","status-publish","hentry"],"blocksy_meta":[],"_links":{"self":[{"href":"https:\/\/rifftone-management.de\/index.php?rest_route=\/wp\/v2\/pages\/914","targetHints":{"allow":["GET"]}}],"collection":[{"href":"https:\/\/rifftone-management.de\/index.php?rest_route=\/wp\/v2\/pages"}],"about":[{"href":"https:\/\/rifftone-management.de\/index.php?rest_route=\/wp\/v2\/types\/page"}],"author":[{"embeddable":true,"href":"https:\/\/rifftone-management.de\/index.php?rest_route=\/wp\/v2\/users\/1"}],"replies":[{"embeddable":true,"href":"https:\/\/rifftone-management.de\/index.php?rest_route=%2Fwp%2Fv2%2Fcomments&post=914"}],"version-history":[{"count":3,"href":"https:\/\/rifftone-management.de\/index.php?rest_route=\/wp\/v2\/pages\/914\/revisions"}],"predecessor-version":[{"id":921,"href":"https:\/\/rifftone-management.de\/index.php?rest_route=\/wp\/v2\/pages\/914\/revisions\/921"}],"wp:attachment":[{"href":"https:\/\/rifftone-management.de\/index.php?rest_route=%2Fwp%2Fv2%2Fmedia&parent=914"}],"curies":[{"name":"wp","href":"https:\/\/api.w.org\/{rel}","templated":true}]}}